?
2971
What are the prime factors of 5776?
2, 19
What are the prime factors of 2557?
2557
List the prime factors of 32.
2
What are the prime factors of 12059?
31, 389
What are the prime factors of 31237?
31237
What are the prime factors of 6415?
5, 1283
What are the prime factors of 2444?
2, 13, 47
List the prime factors of 22945.
5, 13, 353
What are the prime factors of 1384?
2, 173
List the prime factors of 1578.
2, 3, 263
List the prime factors of 12318.
2, 3, 2053
What are the prime factors of 1720?
2, 5, 43
What are the prime factors of 80031?
3, 7, 37, 103
What are the prime factors of 838?
2, 419
What are the prime factors of 45747?
3, 13, 17, 23
List the prime factors of 425.
5, 17
List the prime factors of 15495.
3, 5, 1033
List the prime factors of 695.
5, 139
List the prime factors of 140896.
2, 7, 17, 37
What are the prime factors of 240?
2, 3, 5
What are the prime factors of 3258?
2, 3, 181
List the prime factors of 3254.
2, 1627
List the prime factors of 79684.
2, 11, 1811
List the prime factors of 150.
2, 3, 5
What are the prime factors of 873?
3, 97
List the prime factors of 3719.
3719
List the prime factors of 4387.
41, 107
What are the prime factors of 26149?
79, 331
What are the prime factors of 1218?
2, 3, 7, 29
What are the prime factors of 168021?
3, 7, 127
List the prime factors of 212.
2, 53
List the prime factors of 389.
389
What are the prime factors of 16015?
5, 3203
List the prime factors of 4669.
7, 23, 29
What are the prime factors of 1951?
1951
List the prime factors of 73927.
7, 59, 179
List the prime factors of 20012.
2, 5003
What are the prime factors of 6145?
5, 1229
List the prime factors of 1565.
5, 313
What are the prime factors of 17168?
2, 29, 37
List the prime factors of 8293.
8293
What are the prime factors of 4016?
2, 251
List the prime factors of 1350.
2, 3, 5
List the prime factors of 6338.
2, 3169
List the prime factors of 1032.
2, 3, 43
What are the prime factors of 11035?
5, 2207
What are the prime factors of 526?
2, 263
List the prime factors of 725.
5, 29
List the prime factors of 1053.
3, 13
What are the prime factors of 27514?
2, 13757
List the prime factors of 7443.
3, 827
What are the prime factors of 31766?
2, 7, 2269
List the prime factors of 130193.
7, 2657
What are the prime factors of 181?
181
What are the prime factors of 9961?
7, 1423
List the prime factors of 12330.
2, 3, 5, 137
List the prime factors of 73819.
73819
What are the prime factors of 2250?
2, 3, 5
List the prime factors of 6255.
3, 5, 139
List the prime factors of 45024.
2, 3, 7, 67
What are the prime factors of 8125?
5, 13
What are the prime factors of 12692?
2, 19, 167
List the prime factors of 747.
3, 83
List the prime factors of 1938.
2, 3, 17, 19
What are the prime factors of 3193?
31, 103
What are the prime factors of 1442?
2, 7, 103
List the prime factors of 824.
2, 103
List the prime factors of 786.
2, 3, 131
What are the prime factors of 218?
2, 109
What are the prime factors of 12913?
37, 349
List the prime factors of 16534.
2, 7, 1181
What are the prime factors of 100613?
100613
List the prime factors of 33591.
3, 11197
What are the prime factors of 1247?
29, 43
What are the prime factors of 7634?
2, 11, 347
What are the prime factors of 2889?
3, 107
What are the prime factors of 1094?
2, 547
List the prime factors of 906.
2, 3, 151
List the prime factors of 3.
3
What are the prime factors of 108905?
5, 23, 947
List the prime factors of 3023.
3023
What are the prime factors of 32203?
32203
List the prime factors of 2746.
2, 1373
What are the prime factors of 590?
2, 5, 59
List the prime factors of 80107.
80107
List the prime factors of 54489.
3, 41, 443
What are the prime factors of 94281?
3, 11, 2857
List the prime factors of 7911.
3, 293
List the prime factors of 16231.
16231
What are the prime factors of 1517?
37, 41
What are the prime factors of 34?
2, 17
List the prime factors of 2026.
2, 1013
List the prime factors of 71987.
71987
List the prime factors of 19952.
2, 29, 43
What are the prime factors of 17874?
2, 3, 331
List the prime factors of 61591.
17, 3623
What are the prime factors of 3954?
2, 3, 659
What are the prime factors of 19033?
7, 2719
List the prime factors of 3211.
13, 19
List the prime factors of 49720.
2, 5, 11, 113
What are the prime factors of 8152?
2, 1019
What are the prime factors of 92518?
2, 167, 277
List the prime factors of 18785.
5, 13, 17
What are the prime factors of 599?
599
List the prime factors of 113976.
2, 3, 1583
What are the prime factors of 795?
3, 5, 53
List the prime factors of 3588.
2, 3, 13, 23
List the prime factors of 8913.
3, 2971
What are the prime factors of 37025?
5, 1481
List the prime factors of 126923.
126923
What are the prime factors of 55324?
2, 13831
List the prime factors of 37997.
37997
List the prime factors of 3240.
2, 3, 5
List the prime factors of 1238.
2, 619
What are the prime factors of 4095?
3, 5, 7, 13
What are the prime factors of 12271?
7, 1753
What are the prime factors of 649?
11, 59
List the prime factors of 7177.
7177
List the prime factors of 406.
2, 7, 29
What are the prime factors of 2345?
5, 7, 67
What are the prime factors of 84?
2, 3, 7
List the prime factors of 4259.
4259
What are the prime factors of 568?
2, 71
List the prime factors of 1415.
5, 283
What are the prime factors of 1062?
2, 3, 59
What are the prime factors of 16732?
2, 47, 89
What are the prime factors of 62858?
2, 53, 593
What are the prime factors of 2783?
11, 23
What are the prime factors of 2607?
3, 11, 79
List the prime factors of 2368.
2, 37
List the prime factors of 23189.
23189
What are the prime factors of 16943?
16943
List the prime factors of 3626.
2, 7, 37
List the prime factors of 6571.
6571
List the prime factors of 20307.
3, 7, 967
List the prime factors of 94.
2, 47
List the prime factors of 6987.
3, 17, 137
What are the prime factors of 2926?
2, 7, 11, 19
List the prime factors of 31320.
2, 3, 5, 29
What are the prime factors of 142292?
2, 35573
List the prime factors of 14257.
53, 269
List the prime factors of 28257.
3, 9419
What are the prime factors of 48?
2, 3
What are the prime factors of 1337?
7, 191
What are the prime factors of 13243?
17, 19, 41
List the prime factors of 7227.
3, 11, 73
List the prime factors of 2721.
3, 907
List the prime factors of 36415.
5, 7283
What are the prime factors of 13834?
2, 6917
List the prime factors of 47.
47
List the prime factors of 4671.
3, 173
List the prime factors of 1051.
1051
What are the prime factors of 3192?
2, 3, 7, 19
What are the prime factors of 10316?
2, 2579
List the prime factors of 46840.
2, 5, 1171
List the prime factors of 13174.
2, 7, 941
List the prime factors of 102445.
5, 7, 2927
List the prime factors of 4916.
2, 1229
List the prime factors of 1316.
2, 7, 47
List the prime factors of 19.
19
List the prime factors of 584.
2, 73
List the prime factors of 1350.
2, 3, 5
List the prime factors of 95387.
17, 31, 181
List the prime factors of 432.
2, 3
List the prime factors of 266.
2, 7, 19
List the prime factors of 13678.
2, 7, 977
What are the prime factors of 8216?
2, 13, 79
List the prime factors of 44184.
2, 3, 7, 263
List the prime factors of 42604.
2, 10651
List the prime factors of 10375.
5, 83
What are the prime factors of 2689?
2689
What are the prime factors of 303?
3, 101
What are the prime factors of 27492?
2, 3, 29, 79
What are the prime factors of 1018?
2, 509
What are the prime factors of 54633?
3, 18211
What are the prime factors of 14366?
2, 11, 653
List the prime factors of 7125.
3, 5, 19
List the prime factors of 15518.
2, 7759
What are the prime factors of 28536?
2, 3, 29, 41
List the prime factors of 147131.
23, 6397
What are the prime factors of 9433?
9433
List the prime factors of 8781.
3, 2927
What are the prime factors of 1425?
3, 5, 19
What are the prime factors of 121?
11
List the prime factors of 1751.
17, 103
What are the prime factors of 13604?
2, 19, 179
List the prime factors of 337.
337
What are the prime factors of 7816?
2, 977
What are the prime factors of 5819?
11, 23
What are the prime factors of 2076?
2, 3, 173
List the prime factors of 377.
13, 29
List the prime factors of 15488.
2, 11
List the prime factors of 2381.
2381
List the prime fa